{"id":193,"date":"2016-08-25T19:13:07","date_gmt":"2016-08-25T19:13:07","guid":{"rendered":"http:\/\/rv.imux.it\/?page_id=193"},"modified":"2016-10-03T17:28:18","modified_gmt":"2016-10-03T17:28:18","slug":"anlage-2","status":"publish","type":"page","link":"https:\/\/reitverein-oberursel.de\/?page_id=193","title":{"rendered":"Anlage"},"content":{"rendered":"<p><img loading=\"lazy\" decoding=\"async\" class=\"alignnone size-full wp-image-387\" src=\"http:\/\/reitverein-oberursel.de\/wp-content\/uploads\/2016\/09\/Anlage_neu1.jpg\" alt=\"Anlage_neu1\" width=\"858\" height=\"170\" srcset=\"https:\/\/reitverein-oberursel.de\/wp-content\/uploads\/2016\/09\/Anlage_neu1.jpg 858w, https:\/\/reitverein-oberursel.de\/wp-content\/uploads\/2016\/09\/Anlage_neu1-300x59.jpg 300w, https:\/\/reitverein-oberursel.de\/wp-content\/uploads\/2016\/09\/Anlage_neu1-768x152.jpg 768w\" sizes=\"auto, (max-width: 858px) 100vw, 858px\" \/><\/p>\n<h2>Reithallen<\/h2>\n<p>Der Verein verf\u00fcgt \u00fcber 2 Reithallen \u00e0 20 x 60 Meter! Beide Hallen sind mit Trib\u00fcne, Licht- und Wasseranlagen ausgestattet. An die eine Reithalle grenzt das beheizte Casino von dem aus man in den Wintermonaten den Reitbetrieb verfolgen kann. Die Anlage steht aktiven Mitgliedern t\u00e4glich 24 Stunden zur Verf\u00fcgung. Jedes Mitglied erh\u00e4lt f\u00fcr das eigenst\u00e4ndige Betreten der Anlage einen Schl\u00fcssel.<\/p>\n<h2>Au\u00dfenreitpl\u00e4tze<\/h2>\n<p>Die beiden Au\u00dfenreitpl\u00e4tze bieten den Aktiven viel Platz und M\u00f6glichkeiten. Der gro\u00dfe Au\u00dfenplatz wurde aufwendig saniert und mit einer neuen Auflage versehen. Im Sommer wird dieser Platz zum Springtraining genutzt. Auf dem &#8222;kleineren&#8220;, mit Flutlichtanlage ausgestattetem Platz, findet der Dressurunterricht statt. Ebenso wie die Hallen werden die Pl\u00e4tze regelm\u00e4\u00dfig bew\u00e4ssert und gefahren.<\/p>\n<h2>Longierplatz<\/h2>\n<p>Neben dem Springplatz steht ein Longierplatz mit der Gr\u00f6\u00dfe f\u00fcr 2 Zirkel \u00e1 10 Meter zur Verf\u00fcgung.<\/p>\n","protected":false},"excerpt":{"rendered":"<p>Reithallen Der Verein verf\u00fcgt \u00fcber 2 Reithallen \u00e0 20 x 60 Meter! Beide Hallen sind mit Trib\u00fcne, Licht- und Wasseranlagen ausgestattet. An die eine Reithalle grenzt das beheizte Casino von dem aus man in den Wintermonaten den Reitbetrieb verfolgen kann. Die Anlage steht aktiven Mitgliedern t\u00e4glich 24 Stunden zur Verf\u00fcgung. Jedes Mitglied erh\u00e4lt f\u00fcr das [&hellip;]<\/p>\n","protected":false},"author":1,"featured_media":0,"parent":0,"menu_order":0,"comment_status":"closed","ping_status":"closed","template":"","meta":{"footnotes":""},"class_list":["post-193","page","type-page","status-publish","hentry"],"_links":{"self":[{"href":"https:\/\/reitverein-oberursel.de\/index.php?rest_route=\/wp\/v2\/pages\/193","targetHints":{"allow":["GET"]}}],"collection":[{"href":"https:\/\/reitverein-oberursel.de\/index.php?rest_route=\/wp\/v2\/pages"}],"about":[{"href":"https:\/\/reitverein-oberursel.de\/index.php?rest_route=\/wp\/v2\/types\/page"}],"author":[{"embeddable":true,"href":"https:\/\/reitverein-oberursel.de\/index.php?rest_route=\/wp\/v2\/users\/1"}],"replies":[{"embeddable":true,"href":"https:\/\/reitverein-oberursel.de\/index.php?rest_route=%2Fwp%2Fv2%2Fcomments&post=193"}],"version-history":[{"count":5,"href":"https:\/\/reitverein-oberursel.de\/index.php?rest_route=\/wp\/v2\/pages\/193\/revisions"}],"predecessor-version":[{"id":462,"href":"https:\/\/reitverein-oberursel.de\/index.php?rest_route=\/wp\/v2\/pages\/193\/revisions\/462"}],"wp:attachment":[{"href":"https:\/\/reitverein-oberursel.de\/index.php?rest_route=%2Fwp%2Fv2%2Fmedia&parent=193"}],"curies":[{"name":"wp","href":"https:\/\/api.w.org\/{rel}","templated":true}]}}