{"id":204,"date":"2016-08-25T19:26:35","date_gmt":"2016-08-25T19:26:35","guid":{"rendered":"http:\/\/rv.imux.it\/?page_id=204"},"modified":"2024-04-18T11:06:58","modified_gmt":"2024-04-18T13:06:58","slug":"reitordnung","status":"publish","type":"page","link":"https:\/\/reitverein-oberursel.de\/?page_id=204","title":{"rendered":"Reitordnung"},"content":{"rendered":"<p><a href=\"https:\/\/reitverein-oberursel.de\/wp-content\/uploads\/2024\/04\/reitordnung-2024-1.pdf\" target=\"_blank\" rel=\"noopener\">als PD<\/a>F zum Download &#8211; Stand 17.04.2024<\/p>\n<p>1. <strong>Allgemeines<\/strong><br \/>\nDie Reitordnung und die Bahnordnung dienen dem Zweck, den Reitbetrieb auf dem Gel\u00e4nde des Reitvereins St. Georg Oberursel \u2013 Bommersheim zu regeln und dadurch ein sicheres und kameradschaftliches Reiten zu erm\u00f6glichen. Eine Grundlage dieser Reitordnung sind die Richtlinien f\u00fcr Reiten und Fahren der deutschen Reiterlichen Vereinigung (FN) Band 1. <strong>Diese Reitordnung ist verbindlich<\/strong> f\u00fcr alle, die sich auf dem Gel\u00e4nde des Vereines aufhalten, sei es als Pferdesporttreibenden oder auch als Gast.<\/p>\n<p><strong>Die Anlage darf nur von \u201eaktiven\u201c Vereinsmitgliedern genutzt werden<\/strong>. Ausnahmen sind nur nach vorheriger Anmeldung beim Vorstand m\u00f6glich. Nichtmitglieder und \u201epassive\u201c Mitglieder m\u00fcssen bei erteilter Erlaubnis einen Beitrag pro Einheit entrichten (siehe <strong>Gastreiterregelung<\/strong>).<\/p>\n<p><strong>Die Reitanlage ist ausschlie\u00dflich bestimmungsgem\u00e4\u00df zu benutzen und es sind Besch\u00e4digungen jedweder Art zu vermeiden<\/strong>. Dennoch entstandene Sch\u00e4den sind dem Vorstand unverz\u00fcglich zu melden.<\/p>\n<p><strong>Das Benutzen der Reitanlage geschieht auf eigene Gefahr.<\/strong><\/p>\n<p>Es wird <strong>empfohlen eine Haftpflichtversicherung<\/strong> f\u00fcr jedes Reitpferd abzuschlie\u00dfen.<\/p>\n<p>Die Bodenpflege hat Vorrang vor der Platz- und Hallennutzung!<\/p>\n<p><strong>Die Anlage ist im Interesse Aller sauber zu halten.<\/strong> Dazu geh\u00f6rt: Nach Verlassen der Reitbahn:<br \/>\n\u201ePferde\u00e4pfel\u201c aus der Reitbahn entfernen und in die bereitstehenden Container zu entsorgen. Auch die zu den Reitpl\u00e4tzen f\u00fchrenden Wege und Stra\u00dfen sind sauber zu halten. Eigentlich selbstverst\u00e4ndlich: Kein Abfall auf den Boden; Zigarettenkippen (d\u00fcrfen gar nicht entstehen!) geh\u00f6ren in den M\u00fcll! Flaschen und Becher entsorgen! etc.<\/p>\n<p>Sind <strong>Ger\u00e4te<\/strong> wie <strong>Spr\u00fcnge, Stangen, St\u00e4nder<\/strong> oder anderes gebraucht worden, so sind diese nach Gebrauch ordentlich an ihren Platz zu r\u00e4umen.<\/p>\n<p>Kinder und Jugendliche unter 16 Jahren <strong>m\u00fcssen<\/strong> w\u00e4hrend dem Reiten von einer vollj\u00e4hrigen Person beaufsichtigt werden. Es wird empfohlen Sie bis zu Ihrem 18. Lebensjahr beim Reiten zu beaufsichtigen.<\/p>\n<p>Unbelassen der Empfehlung f\u00fcr Alle, beim Reiten einen geeigneten <strong>Schutzhelm<\/strong> zu tragen ist es f\u00fcr <span style=\"text-decoration: underline;\"><strong>Jugendliche unter 18 Jahren Pflicht einen Schutzhelm<\/strong><\/span> nach Europanorm DIN\/EN 1384 <span style=\"text-decoration: underline;\"><strong>zu tragen.<\/strong><\/span> Diese Pflicht gilt zus\u00e4tzlich f\u00fcr alle Reiterinnen und Reiter beim <strong>\u00dcberwinden von Hindernissen<\/strong> jeglicher Art! Ebenso geh\u00f6rt dazu <strong>geeignete Reitkleidung<\/strong> (Siehe Reiten und Fahren Band1).<\/p>\n<p>Pferde d\u00fcrfen nicht innerhalb der Reitbahnen angebunden werden. <strong>In den Vorr\u00e4umen m\u00fcssen Pferde direkt beaufsichtigt werden<\/strong>. Das darf nicht eine in der Bahn befindliche Person sein.<\/p>\n<p>Auf der Anlage herrscht Rauchverbot &#8211; Rauchen und Sport vertr\u00e4gt sich nicht.<\/p>\n<p>Hunde sind anzuleinen.<\/p>\n<p>Die <strong>\u00dcberwachung<\/strong> der Einhaltung der Reitordnung obliegt <strong>dem Vorstand und den von ihm beauftragten Trainern und Personen<\/strong>. Diese sind im Falle des Versto\u00dfes gegen diese Ordnung weisungsbefugt und handeln im Auftrag des Vorstandes.<\/p>\n<p>Es ist jedoch m\u00f6glich und erw\u00fcnscht, dass ein jedes Mitglied auf die Einhaltung achtet und bei Verst\u00f6\u00dfen den \/ die Betreffende(n) h\u00f6flich darauf aufmerksam macht.<\/p>\n<p><strong>Im \u00dcbrigen: Wir alle unterliegen beim Umgang mit den Pferden in- und auch au\u00dferhalb unseres Gel\u00e4ndes den Verschiedensten Gesetzen: u.a. Stra\u00dfenverkehrsordnung, Tierschutzgesetz, Hess. Feld- und Forstschutzgesetz, Hess. Forstgesetz, div.<\/strong><br \/>\n<strong>Naturschutzgesetze u.v.a.m. Es ist angeraten, sich dar\u00fcber zu informieren um \u201eunliebsame<\/strong><br \/>\n<strong>\u00dcberraschungen\u201c zu vermeiden.<\/strong><\/p>\n<p>1.Bahnordnung<br \/>\n(in Anlehnung an Kap. 1.6 der Richtlinien Reiten und Fahren Band 1) Die Bahnordnung gew\u00e4hrleistet, dass die Reiter auf den \u00dcbungspl\u00e4tzen und in den Reithallen gemeinsam und m\u00f6glichst ohne gegenseitige Behinderung \u00fcben und trainieren k\u00f6nnen.<\/p>\n<p><strong>Vor dem Betreten der Bahn und vor dem \u00d6ffnen der Reitbahnt\u00fcr<\/strong> vergewissert sich der Eintretende mit dem Ruf <strong>\u201eT\u00fcr frei, bitte\u201c<\/strong> und dem Abwarten der Antwort <strong>\u201eT\u00fcr ist frei\u201c<\/strong>, gegeben durch einen Reiter oder Reitlehrer in der Bahn, dass die T\u00fcr gefahrlos ge\u00f6ffnet werden kann. Das Gleiche gilt beim Verlassen der Bahn.<\/p>\n<p><strong>Auf- und Absitzen sowie Halten zum Nachgurten<\/strong> etc. erfolgt stets in der <strong>Mitte<\/strong> des Zirkels.<\/p>\n<p>Es ist auf einen ausreichenden <strong>Sicherheitsabstand<\/strong> zu achten. &#8211; Nach vorne und zur Seite. &#8211;<\/p>\n<p>Schrittreitende oder pausierende Reiter lassen trabenden oder galoppierenden Reitern den Hufschlag (die Arbeitslinien) frei. Gegebenenfalls ist auf den 3. Hufschlag auszuweichen. Es sollte erst auf dem 2. Hufschlag in den Schritt oder zum Halten durchpariert werden.<\/p>\n<p>Bei starker Auslastung der Bahn ist das <strong>Schrittreiten nebeneinander<\/strong> (auch im Bahninneren) eine Behinderung und daher zu vermeiden.<\/p>\n<p>Muss auf <strong>dem Hufschlag angehalten<\/strong> werden, so ist das nur m\u00f6glich unter aller Vorsicht und mit der Warnung: <strong>\u201eBitte Hufschlag frei\u201c.<\/strong><\/p>\n<p>Reiter auf dem Zirkel geben Reitern auf dem 1. Hufschlag das Vorrecht: <strong>\u201eGanze Bahn geht vor Zirkel!\u201c<\/strong><\/p>\n<p>Wird <strong>auf beiden H\u00e4nden geritten<\/strong>, so ist rechts auszuweichen.<\/p>\n<p>Den auf <strong>der linken Hand<\/strong> befindlichen Reitern <strong>geh\u00f6rt der Hufschlag.<\/strong><\/p>\n<p>Sind sehr viele Reiter in der Halle, so empfiehlt es sich auf einer Hand zu reiten.<\/p>\n<p>Die Reiter einigen sich auf einen erfahrenen, anwesenden Mitreiter, der das Kommando zum Handwechsel gibt. Wird Handwechsel angeordnet, bleiben die Reiter, die den neuen Hufschlag erreicht haben, auf dem Hufschlag. Reiter, die den Handwechsel noch durchf\u00fchren m\u00fcssen, weichen in das Bahninnere aus.<\/p>\n<p><span style=\"text-decoration: underline;\"><strong>Longieren<\/strong><\/span>:<br \/>\nDas Longieren ist nur auf dem <strong>Longierplatz<\/strong> und in der <strong>Nicht- Casinohalle<\/strong> erlaubt.<\/p>\n<p>F\u00fcr die Halle gilt Folgendes:<br \/>\n1. Sind bereits <strong>Reiter<\/strong> in der Bahn, so darf nur auf dem Zirkel bei \u201eA\u201c longiert werden.<br \/>\n2. Auf <strong>zwei (drei) Zirkeln<\/strong> ist Longieren nur erlaubt, wenn keine weiteren Reiter in der Bahn sind oder wenn diese explizit zustimmen.<br \/>\n3. Sind Reiter in der Bahn, muss darauf geachtet werden, dass der erste Hufschlag frei bleibt.<br \/>\n4. <strong>Mit Stallhalfter darf nicht longiert werden<\/strong>.<br \/>\n5. Ist die Casinohalle durch offizielle \u00dcbungsstunden belegt, so darf in der Nichtcasinohalle nur auf maximal einem Zirkel longiert werden. Sobald mehr als 5 Reiter anwesend sind, ist das Longieren innerhalb von maximal 5 Minuten einzustellen.<\/p>\n<p>(Wir gehen davon aus, dass generell maximal 30 min longiert wird.)<\/p>\n<p>Reiten geht vor Longieren. Wenn mehr als 3 Personen in der Nicht-Casino-Halle reiten, muss sich vor dem Longieren die Zustimmung aller reitenden Personen eingeholt werden. Ist ein Reiter nicht mit dem Longieren einverstanden, so darf das Longieren nicht begonnen werden, aber ein bereits Longierender kann nicht durch einen nachkommenden Reiter aus der Bahn gewiesen werden.<\/p>\n<p>F\u00fcr den Longierplatz gilt Folgendes:<br \/>\n1. Dieser Platz ist dem Longieren vorbehalten.<br \/>\n2. Das Reiten ist sofort einzustellen, wenn jemand longieren m\u00f6chte.<br \/>\n3. Freilaufen lassen ist nicht gestattet.<br \/>\n4. Mit Stallhalfter darf nicht longiert werden.<\/p>\n<p>Nach dem Longieren sind Sch\u00e4den in der Tretschicht mit dem Rechen zu entfernen!<\/p>\n<p><span style=\"text-decoration: underline;\"><strong>Freilaufen<\/strong><\/span>: Ist nur in der Nichtcasinohalle erlaubt, wenn <strong>keine Reiter oder Longierer<\/strong> da sind. Kommen andere Hallennutzer, so sind die Pferde sofort einzufangen und die Halle freizumachen. (Es sei denn, der Ankommende will noch warten.) Haben sich die Pferde gew\u00e4lzt oder sonst wie <strong>Sch\u00e4den in der Tretschicht<\/strong> gemacht, so sind diese vom Pferdef\u00fchrer mit dem Rechen zu beseitigen!<\/p>\n<p><span style=\"text-decoration: underline;\"><strong>Reiten mit Handpferd<\/strong><\/span>: Ist nur in Ausnahmesituationen bis zu 10 Minuten im Schritt zul\u00e4ssig.<\/p>\n<p><span style=\"text-decoration: underline;\"><strong>F\u00fchren<\/strong><\/span>: Das F\u00fchren von Pferden ist nur in der Nichtcasinohalle gestattet. Ist die Halle mit mehr als 5 Personen belegt, ist dies vorher Abzusprechen.<\/p>\n<p>Die <strong>Reitsch\u00fcler der privaten Einzelreitstunden genie\u00dfen keine Sonderrechte<\/strong>. Privaten Reitlehrern ist es aus versicherungstechnischen Gr\u00fcnden nicht erlaubt beim Unterrichten in der Halle zu stehen. Unterricht ist ausschlie\u00dflich von der Bande aus zu geben (ausgenommen Spring- und Vereinsstunden).<\/p>\n<p>F\u00fcr vom <strong>Verein anberaumte \u00dcbungsstunden<\/strong> ist die betreffende Halle freizuhalten. Sollte an einer \u00dcbungsstunde weniger als 4 Personen teilnehmen, d\u00fcrfen weitere Mitglieder unter R\u00fccksichtnahme die Halle nutzen. Der <strong>Hallenbelegungsplan<\/strong> ist Bestandteil dieser Bahnordnung.<\/p>\n<p>Wir sind ein Reit- und Fahrverein. Das bedeutet, dass auch Kutschfahrer ein Anrecht haben, die Anlage zu nutzen. Vornehmlich kommen hier die Au\u00dfenpl\u00e4tze in Betracht.<\/p>\n<p>Grunds\u00e4tzlich beachten alle Reiter und Fahrer das Gebot von R\u00fccksicht und Toleranz.<\/p>\n<p><strong>Im Hinblick auf Fahren und Springen gilt zur Unfallvermeidung jedoch:<\/strong><\/p>\n<p>Sollte sich auf dem Au\u00dfenplatz zuerst ein Fahrer mit Gespann befinden, m\u00fcssen die hinzukommenden Reiter mit der Absicht zu Springen solange damit warten, bis der Fahrer sein Trainingsprogramm beendet hat und den Platz verl\u00e4sst. (Wir gehen davon aus, dass maximal 30 Minuten gefahren wird.)<\/p>\n<p>Sollte umgekehrt auf dem Platz zuerst gesprungen werden, muss der hinzukommende Fahrer warten bis das Springen beendet ist, bevor er auf den Platz f\u00e4hrt.<\/p>\n<p>Diese Reit- und Bahnordnung ist nur eine Grundlage des Zusammenlebens im Verein. Eine weitere ist <strong>R\u00fccksicht und Toleranz<\/strong>. Es wird sicher nicht zu vermeiden sein, dass beim zusammen Reiten Fehler gemacht werden. Bitte seien Sie tolerant gegen\u00fcber den Anderen und verzeihen sie kleine Fehler. Zum Beispiel haben es gerade Anf\u00e4nger schwer. Eine gute Atmosph\u00e4re bei der Aus\u00fcbung unseres Sportes l\u00e4sst uns viel mehr Freude und Zufriedenheit erleben. Wenn sich alle an die Regeln unseres Sportes und des Fair-Play halten, so erreichen wir das Ziel der \u201ePferdeleute\u201c:<\/p>\n<p><strong>\u201eHarmonie zwischen Mensch, Tier und der Natur\u201c<\/strong><\/p>\n<p>Verhalten im Stra\u00dfenverkehr:<\/p>\n<p>Wir weisen darauf hin, dass Reiter Verkehrsteilnehmer sind. <strong>Es ist ihnen untersagt den B\u00fcrgersteig zu benutzen.<\/strong><\/p>\n<p>Beschlossen im Juli 2000 \/ \u00dcberarbeitung M\u00e4rz 2011 \/ Erg\u00e4nzungen November 2022 und April 2024<br \/>\nDer Vorstand<\/p>\n<hr \/>\n<p><span style=\"color: #ff0000;\"><strong>16<\/strong> <strong>Goldene<\/strong> <strong>Regeln<\/strong><\/span><\/p>\n<p><strong>\u00a0<\/strong><\/p>\n<ol>\n<li>Vor dem Betreten und vor dem \u00d6ffnen der Reitbahnt\u00fcr mit dem Ruf: \u201eT\u00fcr frei, bitte\u201c vergewissern, dass die T\u00fcr gefahrlos ge\u00f6ffnet und die Reitbahn betreten werden kann.<\/li>\n<li>Auf- und Absitzen und Halten stets in der Mitte des<\/li>\n<li>Beim Reiten Sicherheitsabstand<\/li>\n<li>Schrittreitende oder pausierende Reiter lassen trabenden oder galoppierenden Reitern den Hufschlag (die Arbeitslinien) frei. Schrittreiten nebeneinander ist zu vermeiden.<\/li>\n<li>Auf dem Hufschlag darf nur unter gro\u00dfer Vorsicht angehalten werden. \u201eBitte Hufschlag frei\u201c<\/li>\n<li>Reiter auf dem Zirkel geben den Reitern auf dem Hufschlag das Vorrecht. Ganze Bahn geht vor Zirkel.<\/li>\n<li>Beim Reiten auf beiden H\u00e4nden ist rechts Linke Hand hat den Hufschlag.<\/li>\n<li>Longieren ist nur in der Nicht \u2013 Casino \u2013 Halle<\/li>\n<li><strong><span style=\"font-size: revert; color: initial;\">Mit Stallhalfter darf nicht longiert werden.<\/span><\/strong><\/li>\n<li>Bei \u00fcbervoller Halle ist vom Longieren Abstand zu Bitte Absprache mit den anwesenden Reitern nehmen.<\/li>\n<li>Freilaufen d\u00fcrfen Pferde nur in der Nicht \u2013 Casino \u2013 Halle wenn kein anderer Hallennutzer Anspruch erhebt.<\/li>\n<li>Reiten mit Handpferd: Nur in der Nicht \u2013 Casino \u2013 Nur bei allgemeiner Zustimmung.<\/li>\n<li>Es d\u00fcrfen keine Pferde innerhalb der Reitbahn angebunden<\/li>\n<li>In den Vorr\u00e4umen m\u00fcssen Pferde unter direkter Aufsicht gehalten. Person beim Pferd!<\/li>\n<li>Die Bande der Reitbahn ist kein Ablageplatz f\u00fcr Decken<\/li>\n<li>\u201ePferde\u00e4pfel\u201c m\u00fcssen beseitigt Besonders kameradschaftlich ist es, auch die Hinterlassenschaften Anderer mit zu entfernen.<\/li>\n<\/ol>\n<ol>\n<li style=\"list-style-type: none;\"><\/li>\n<\/ol>\n","protected":false},"excerpt":{"rendered":"<p>als PDF zum Download &#8211; Stand 17.04.2024 1. Allgemeines Die Reitordnung und die Bahnordnung dienen dem Zweck, den Reitbetrieb auf dem Gel\u00e4nde des Reitvereins St. Georg Oberursel \u2013 Bommersheim zu regeln und dadurch ein sicheres und kameradschaftliches Reiten zu erm\u00f6glichen. Eine Grundlage dieser Reitordnung sind die Richtlinien f\u00fcr Reiten und Fahren der deutschen Reiterlichen Vereinigung [&hellip;]<\/p>\n","protected":false},"author":1,"featured_media":0,"parent":0,"menu_order":0,"comment_status":"closed","ping_status":"closed","template":"","meta":{"footnotes":""},"class_list":["post-204","page","type-page","status-publish","hentry"],"_links":{"self":[{"href":"https:\/\/reitverein-oberursel.de\/index.php?rest_route=\/wp\/v2\/pages\/204","targetHints":{"allow":["GET"]}}],"collection":[{"href":"https:\/\/reitverein-oberursel.de\/index.php?rest_route=\/wp\/v2\/pages"}],"about":[{"href":"https:\/\/reitverein-oberursel.de\/index.php?rest_route=\/wp\/v2\/types\/page"}],"author":[{"embeddable":true,"href":"https:\/\/reitverein-oberursel.de\/index.php?rest_route=\/wp\/v2\/users\/1"}],"replies":[{"embeddable":true,"href":"https:\/\/reitverein-oberursel.de\/index.php?rest_route=%2Fwp%2Fv2%2Fcomments&post=204"}],"version-history":[{"count":26,"href":"https:\/\/reitverein-oberursel.de\/index.php?rest_route=\/wp\/v2\/pages\/204\/revisions"}],"predecessor-version":[{"id":4303,"href":"https:\/\/reitverein-oberursel.de\/index.php?rest_route=\/wp\/v2\/pages\/204\/revisions\/4303"}],"wp:attachment":[{"href":"https:\/\/reitverein-oberursel.de\/index.php?rest_route=%2Fwp%2Fv2%2Fmedia&parent=204"}],"curies":[{"name":"wp","href":"https:\/\/api.w.org\/{rel}","templated":true}]}}