{"id":217,"date":"2016-08-25T19:35:01","date_gmt":"2016-08-25T19:35:01","guid":{"rendered":"http:\/\/rv.imux.it\/?page_id=217"},"modified":"2023-11-05T08:15:26","modified_gmt":"2023-11-05T10:15:26","slug":"unterricht-und-lehrgaenge","status":"publish","type":"page","link":"https:\/\/reitverein-oberursel.de\/?page_id=217","title":{"rendered":"Unterricht und Lehrg\u00e4nge"},"content":{"rendered":"<p><img loading=\"lazy\" decoding=\"async\" class=\"alignnone size-full wp-image-73\" src=\"http:\/\/reitverein-oberursel.de\/wp-content\/uploads\/2016\/08\/unterricht.jpg\" alt=\"unterricht\" width=\"637\" height=\"168\" srcset=\"https:\/\/reitverein-oberursel.de\/wp-content\/uploads\/2016\/08\/unterricht.jpg 637w, https:\/\/reitverein-oberursel.de\/wp-content\/uploads\/2016\/08\/unterricht-300x79.jpg 300w\" sizes=\"auto, (max-width: 637px) 100vw, 637px\" \/><\/p>\n<p>Der Verein bietet seinen Mitgliedern kostenlose Reitstunden in der Abteilung bei Reitwarten an. Da wir keine Reitschule im eigentlichen Sinne sind und keine eigenen Schulpferde halten, ist Reitunterricht nur auf Privatpferden m\u00f6glich.<\/p>\n<p>Der Basisunterricht in Dressur und Springen wird von Kirubel Tesfaye, Kerstin Illing, Andrea Huber, Wolfgang Kr\u00e4mer und Dr. Ulrike Jansen-Hieronymi abgedeckt.<\/p>\n<p>Es finden regelm\u00e4\u00dfig Dressur- und Springlehrg\u00e4nge statt. Weitere Informationen dazu unter &#8222;Termine&#8220;.<\/p>\n<p>Fotos Christiane Mancini<\/p>\n","protected":false},"excerpt":{"rendered":"<p>Der Verein bietet seinen Mitgliedern kostenlose Reitstunden in der Abteilung bei Reitwarten an. Da wir keine Reitschule im eigentlichen Sinne sind und keine eigenen Schulpferde halten, ist Reitunterricht nur auf Privatpferden m\u00f6glich. Der Basisunterricht in Dressur und Springen wird von Kirubel Tesfaye, Kerstin Illing, Andrea Huber, Wolfgang Kr\u00e4mer und Dr. Ulrike Jansen-Hieronymi abgedeckt. Es finden [&hellip;]<\/p>\n","protected":false},"author":1,"featured_media":0,"parent":0,"menu_order":0,"comment_status":"closed","ping_status":"closed","template":"","meta":{"footnotes":""},"class_list":["post-217","page","type-page","status-publish","hentry"],"_links":{"self":[{"href":"https:\/\/reitverein-oberursel.de\/index.php?rest_route=\/wp\/v2\/pages\/217","targetHints":{"allow":["GET"]}}],"collection":[{"href":"https:\/\/reitverein-oberursel.de\/index.php?rest_route=\/wp\/v2\/pages"}],"about":[{"href":"https:\/\/reitverein-oberursel.de\/index.php?rest_route=\/wp\/v2\/types\/page"}],"author":[{"embeddable":true,"href":"https:\/\/reitverein-oberursel.de\/index.php?rest_route=\/wp\/v2\/users\/1"}],"replies":[{"embeddable":true,"href":"https:\/\/reitverein-oberursel.de\/index.php?rest_route=%2Fwp%2Fv2%2Fcomments&post=217"}],"version-history":[{"count":7,"href":"https:\/\/reitverein-oberursel.de\/index.php?rest_route=\/wp\/v2\/pages\/217\/revisions"}],"predecessor-version":[{"id":4097,"href":"https:\/\/reitverein-oberursel.de\/index.php?rest_route=\/wp\/v2\/pages\/217\/revisions\/4097"}],"wp:attachment":[{"href":"https:\/\/reitverein-oberursel.de\/index.php?rest_route=%2Fwp%2Fv2%2Fmedia&parent=217"}],"curies":[{"name":"wp","href":"https:\/\/api.w.org\/{rel}","templated":true}]}}