{"id":4642,"date":"2025-08-18T15:29:37","date_gmt":"2025-08-18T17:29:37","guid":{"rendered":"https:\/\/reitverein-oberursel.de\/?page_id=4642"},"modified":"2025-08-18T15:45:36","modified_gmt":"2025-08-18T17:45:36","slug":"hinweis-zur-videoueberwachung","status":"publish","type":"page","link":"https:\/\/reitverein-oberursel.de\/?page_id=4642","title":{"rendered":"Hinweis zur Video\u00fcberwachung"},"content":{"rendered":"\n<p>Liebe Vereinsmitglieder,<\/p>\n<p>im Verlauf der letzten Monate sind leider vermehrt durch Unbekannte Vandalismussch\u00e4den auf dem Vereinsgel\u00e4nde verursacht worden. Hierbei handelt es sich um Sachbesch\u00e4digungen, wie u.a. Zerst\u00f6rungen der Bew\u00e4sserungsanlagen, Eigenm\u00e4chtiges Anschalten der Bew\u00e4sserungsanlage und Schmierereien auf den Sitzb\u00e4nken rund um die Pl\u00e4tze.<\/p>\n<p>Dieses Verhalten ist sehr bedauerlich, da hier unser Vereinseigentum besch\u00e4digt und teilweise mutwillig zerst\u00f6rt wurde. Daher haben wir uns f\u00fcr eine Video\u00fcberwachung auf dem Vereinsgel\u00e4nde entschieden. Die Verarbeitung der Bilddaten erfolgt nat\u00fcrlich unter Beachtung s\u00e4mtlicher datenschutzrechtlicher Vorgaben der Datenschutz-Grundverordnung (DSGVO), insbesondere hinsichtlich der Zweckbindung, Datenminimierung, Speicherbegrenzung und Transparenz.<\/p>\n<ol>\n<li><strong> Zweck der Video\u00fcberwachung<\/strong><\/li>\n<\/ol>\n<p>Zum Schutz des Reitvereinsgel\u00e4ndes, der Reitpl\u00e4tze sowie des Vereinseigentums haben wir uns entschlossen, bestimmte Bereiche des Vereinsgel\u00e4ndes per Video\u00fcberwachung zu kontrollieren. <br \/>Die \u00dcberwachung und Aufzeichnung dient ausschlie\u00dflich der Sicherung des Eigentums, der Verhinderung und Aufkl\u00e4rung von Straftaten \u2013 insbesondere Diebstahl, Vandalismus, unbefugter Zutritt \u2013 sowie der Wahrung des Hausrecht..<\/p>\n<ol start=\"2\">\n<li><strong> Rechtsgrundlage<\/strong><\/li>\n<\/ol>\n<p>Die Verarbeitung erfolgt auf Grundlage von Art. 6 Abs. 1 lit. f DSGVO (berechtigtes Interesse). <br \/>Das berechtigte Interesse liegt im Schutz der vereinseigenen Infrastruktur (Reithallen, Au\u00dfenfl\u00e4chen) sowie der M\u00f6glichkeit zur Aufkl\u00e4rung von Vandalismus, Diebstahl oder Unf\u00e4llen.<\/p>\n<ol start=\"3\">\n<li><strong> Umfang der \u00dcberwachung<\/strong><\/li>\n<\/ol>\n<p>\u00dcberwacht werden ausschlie\u00dflich \u00f6ffentlich zug\u00e4ngliche Bereiche des Vereinsgel\u00e4ndes, wie z. B. Zug\u00e4nge, Reitpl\u00e4tze oder Reithallen. Es erfolgt <strong>keine \u00dcberwachung<\/strong> von Umkleiden, Sanit\u00e4ranlagen oder Aufenthaltsr\u00e4umen.<\/p>\n<ol start=\"4\">\n<li><strong> Speicherdauer<\/strong><\/li>\n<\/ol>\n<p>Die Aufzeichnungen werden nur so lange gespeichert, wie es zur Erreichung des genannten Zwecks erforderlich ist. In der Regel betr\u00e4gt die Speicherdauer maximal <strong>72 Stunden<\/strong>, es sei denn, gesetzliche Regelungen oder die Aufkl\u00e4rung eines konkreten Vorfalls erfordern eine l\u00e4ngere Aufbewahrung. Es erfolgt keine Speicherung in Cloud-Diensten.<\/p>\n<ol start=\"5\">\n<li><strong> Empf\u00e4nger der Daten<\/strong><\/li>\n<\/ol>\n<p>Zugriff auf die Videoaufzeichnungen haben ausschlie\u00dflich autorisierte Mitglieder des Vereinsvorstands. <br \/>Eine Weitergabe an Dritte (z. B. Polizei, Versicherung) erfolgt nur dann, wenn dies zur Schadensregulierung, Aufkl\u00e4rung oder Verfolgung von Straftaten oder anderen Ermittlungsverfahren erforderlich ist oder eine gesetzliche Verpflichtung besteht.<\/p>\n<ol start=\"6\">\n<li><strong> Verantwortlich f\u00fcr die Video\u00fcberwachung<\/strong><\/li>\n<\/ol>\n<p>RuFV St. Georg Oberursel Bommersheim e.V. <br \/>61440 Oberursel <br \/>Postfach 12 87, 61402 Oberursel\u00a0<br \/>E-Mail: <a href=\"mailto:vorsitzende@reitverein-oberursel.de\">vorsitzende@reitverein-oberursel.de<\/a><\/p>\n<p>Vertreten durch:<\/p>\n<ul>\n<li>1. Vorsitzende: Melanie H\u00e4u\u00dfer<\/li>\n<li>2. Vorsitzenden: Andreas Klein<\/li>\n<\/ul>\n<p>\u00a0<\/p>\n<ol start=\"7\">\n<li><strong> Ihre Rechte<\/strong><\/li>\n<\/ol>\n<p>Sie haben gem\u00e4\u00df DSGVO das Recht auf:<\/p>\n<ul>\n<li><strong>Auskunft<\/strong> (Art. 15 DSGVO),<\/li>\n<li><strong>Berichtigung<\/strong> (Art. 16 DSGVO),<\/li>\n<li><strong>L\u00f6schung<\/strong> (Art. 17 DSGVO),<\/li>\n<li><strong>Einschr\u00e4nkung der Verarbeitung<\/strong> (Art. 18 DSGVO),<\/li>\n<li><strong>Widerspruch<\/strong> (Art. 21 DSGVO)<br \/>sowie das Recht auf <strong>Beschwerde<\/strong> bei der zust\u00e4ndigen Aufsichtsbeh\u00f6rde (Art. 77 DSGVO).<\/li>\n<\/ul>\n<p><strong>Hinweis<\/strong><\/p>\n<p>Durch gut sichtbare Hinweisschilder am Vereinsgel\u00e4nde werden alle Personen vor Betreten der \u00fcberwachten Bereiche \u00fcber die Video\u00fcberwachung informiert. <br \/>Bei Fragen zur Video\u00fcberwachung oder zum Datenschutz im Verein wenden Sie sich bitte an den Vorstand.<\/p>\n<p>Mit freundlichen Gr\u00fc\u00dfen <br \/>Der Vorstand<\/p>\n<p>Stand: August 2025<\/p>\n","protected":false},"excerpt":{"rendered":"<p>Liebe Vereinsmitglieder, im Verlauf der letzten Monate sind leider vermehrt durch Unbekannte Vandalismussch\u00e4den auf dem Vereinsgel\u00e4nde verursacht worden. Hierbei handelt es sich um Sachbesch\u00e4digungen, wie u.a. Zerst\u00f6rungen der Bew\u00e4sserungsanlagen, Eigenm\u00e4chtiges Anschalten der Bew\u00e4sserungsanlage und Schmierereien auf den Sitzb\u00e4nken rund um die Pl\u00e4tze. Dieses Verhalten ist sehr bedauerlich, da hier unser Vereinseigentum besch\u00e4digt und teilweise mutwillig [&hellip;]<\/p>\n","protected":false},"author":1,"featured_media":0,"parent":0,"menu_order":0,"comment_status":"closed","ping_status":"closed","template":"","meta":{"footnotes":""},"class_list":["post-4642","page","type-page","status-publish","hentry"],"_links":{"self":[{"href":"https:\/\/reitverein-oberursel.de\/index.php?rest_route=\/wp\/v2\/pages\/4642","targetHints":{"allow":["GET"]}}],"collection":[{"href":"https:\/\/reitverein-oberursel.de\/index.php?rest_route=\/wp\/v2\/pages"}],"about":[{"href":"https:\/\/reitverein-oberursel.de\/index.php?rest_route=\/wp\/v2\/types\/page"}],"author":[{"embeddable":true,"href":"https:\/\/reitverein-oberursel.de\/index.php?rest_route=\/wp\/v2\/users\/1"}],"replies":[{"embeddable":true,"href":"https:\/\/reitverein-oberursel.de\/index.php?rest_route=%2Fwp%2Fv2%2Fcomments&post=4642"}],"version-history":[{"count":3,"href":"https:\/\/reitverein-oberursel.de\/index.php?rest_route=\/wp\/v2\/pages\/4642\/revisions"}],"predecessor-version":[{"id":4656,"href":"https:\/\/reitverein-oberursel.de\/index.php?rest_route=\/wp\/v2\/pages\/4642\/revisions\/4656"}],"wp:attachment":[{"href":"https:\/\/reitverein-oberursel.de\/index.php?rest_route=%2Fwp%2Fv2%2Fmedia&parent=4642"}],"curies":[{"name":"wp","href":"https:\/\/api.w.org\/{rel}","templated":true}]}}